ainder when 24597 is divided by 75.
72
What is the remainder when 7057 is divided by 3414?
229
Calculate the remainder when 48877 is divided by 52.
49
What is the remainder when 2420 is divided by 137?
91
What is the remainder when 2260 is divided by 428?
120
What is the remainder when 14153 is divided by 149?
147
Calculate the remainder when 4633 is divided by 17.
9
Calculate the remainder when 193066 is divided by 41.
38
Calculate the remainder when 395 is divided by 50.
45
Calculate the remainder when 11737 is divided by 1956.
1
What is the remainder when 16108 is divided by 672?
652
Calculate the remainder when 54581 is divided by 34.
11
Calculate the remainder when 11225 is divided by 2500.
1225
What is the remainder when 1096 is divided by 23?
15
What is the remainder when 47720 is divided by 15895?
35
What is the remainder when 14347 is divided by 2864?
27
Calculate the remainder when 734843 is divided by 138.
131
Calculate the remainder when 65651 is divided by 586.
19
What is the remainder when 39682 is divided by 348?
10
What is the remainder when 2801 is divided by 1313?
175
Calculate the remainder when 7565 is divided by 2514.
23
What is the remainder when 162922 is divided by 482?
6
Calculate the remainder when 15593 is divided by 3110.
43
What is the remainder when 8540 is divided by 3656?
1228
Calculate the remainder when 32982 is divided by 28.
26
What is the remainder when 32861 is divided by 52?
49
What is the remainder when 9725 is divided by 154?
23
What is the remainder when 124931 is divided by 31229?
15
What is the remainder when 2804 is divided by 91?
74
What is the remainder when 37647 is divided by 45?
27
What is the remainder when 15324 is divided by 50?
24
What is the remainder when 15782 is divided by 112?
102
What is the remainder when 149474 is divided by 18682?
18
What is the remainder when 12523 is divided by 31?
30
Calculate the remainder when 154902 is divided by 289.
287
What is the remainder when 3824040 is divided by 13?
12
What is the remainder when 811 is divided by 198?
19
Calculate the remainder when 1636 is divided by 45.
16
Calculate the remainder when 632183 is divided by 56.
55
Calculate the remainder when 1691 is divided by 1407.
284
Calculate the remainder when 9120 is divided by 199.
165
Calculate the remainder when 14909 is divided by 1483.
79
What is the remainder when 185148 is divided by 230?
228
Calculate the remainder when 96529 is divided by 53.
16
What is the remainder when 1258 is divided by 344?
226
Calculate the remainder when 3141594 is divided by 2800.
2794
What is the remainder when 598445 is divided by 406?
1
Calculate the remainder when 5373 is divided by 2402.
569
What is the remainder when 28256 is divided by 14124?
8
Calculate the remainder when 926 is divided by 130.
16
Calculate the remainder when 3052 is divided by 1015.
7
Calculate the remainder when 5660 is divided by 29.
5
Calculate the remainder when 188920 is divided by 4723.
0
What is the remainder when 129614 is divided by 493?
448
What is the remainder when 38405 is divided by 53?
33
What is the remainder when 56611 is divided by 18849?
64
Calculate the remainder when 8151 is divided by 7901.
250
Calculate the remainder when 1768 is divided by 41.
5
What is the remainder when 44146 is divided by 107?
62
What is the remainder when 90080 is divided by 182?
172
Calculate the remainder when 13760 is divided by 50.
10
Calculate the remainder when 7674 is divided by 101.
99
Calculate the remainder when 118200 is divided by 297.
291
What is the remainder when 29621 is divided by 1130?
241
Calculate the remainder when 15936 is divided by 3184.
16
What is the remainder when 498588 is divided by 24?
12
Calculate the remainder when 8028 is divided by 31.
30
What is the remainder when 103116 is divided by 10?
6
What is the remainder when 898 is divided by 33?
7
Calculate the remainder when 34883 is divided by 2007.
764
What is the remainder when 5961 is divided by 1478?
49
What is the remainder when 1342 is divided by 453?
436
Calculate the remainder when 239428 is divided by 380.
28
What is the remainder when 2444980 is divided by 290?
280
Calculate the remainder when 29040 is divided by 9674.
18
Calculate the remainder when 1638 is divided by 161.
28
Calculate the remainder when 2546 is divided by 1009.
528
Calculate the remainder when 4690 is divided by 779.
16
Calculate the remainder when 4585 is divided by 1105.
165
Calculate the remainder when 10317 is divided by 54.
3
Calculate the remainder when 1787 is divided by 565.
92
What is the remainder when 19525 is divided by 4876?
21
What is the remainder when 32374 is divided by 1801?
1757
Calculate the remainder when 35108 is divided by 114.
110
Calculate the remainder when 53573 is divided by 2244.
1961
What is the remainder when 369546 is divided by 44?
34
Calculate the remainder when 58406 is divided by 8341.
19
What is the remainder when 58546 is divided by 317?
218
Calculate the remainder when 63466 is divided by 129.
127
Calculate the remainder when 41249 is divided by 150.
149
What is the remainder when 119842 is divided by 29957?
14
What is the remainder when 1181134 is divided by 66?
64
Calculate the remainder when 291582 is divided by 536.
534
What is the remainder when 27140 is divided by 874?
46
What is the remainder when 20756 is divided by 6895?
71
Calculate the remainder when 3194643 is divided by 538.
537
What is the remainder when 25539 is divided by 3049?
1147
Calculate the remainder when 8025 is divided by 287.
276
Calculate the remainder when 630 is divided by 12.
6
What is the remainder when 98194 is divided by 1345?
9
Calculate the remainder when 123134 is divided by 41036.
26
Calculate the remainder when 117843 is divided by 16.
3
What is the remainder when 118016 is divided by 2?
0
What is the remainder when 2216 is divided by 324?
272
What is the remainder when 815512 is divided by 7?
5
Calculate the remainder when 14448 is divided by 254.
224
What is the remainder when 81118 is divided by 863?
859
Calculate the remainder when 3166 is divided by 1047.
25
What is the remainder when 484208 is divided by 221?
218
Calculate the remainder when 1777 is divided by 353.
12
What is the remainder when 5737 is divided by 1143?
22
Calculate the remainder when 1733919 is divided by 1604.
1599
What is the remainder when 338516 is divided by 3601?
22
Calculate the remainder when 3245 is divided by 881.
602
What is the remainder when 7957 is divided by 994?
5
Calculate the remainder when 29122 is divided by 14555.
12
What is the remainder when 157995 is divided by 756?
747
Calculate the remainder when 21012 is divided by 24.
12
Calculate the remainder when 364575 is divided by 20254.
3
Calculate the remainder when 11789 is divided by 295.
284
Calculate the remainder when 3059 is divided by 56.
35
Calculate the remainder when 10418 is divided by 1735.
8
What is the remainder when 30559 is divided by 15278?
3
Calculate the remainder when 2073 is divided by 84.
57
What is the remainder when 126462 is divided by 18?
12
What is the remainder when 54020 is divided by 54017?
3
Calculate the remainder when 1922 is divided by 862.
198
Calculate the remainder when 36205 is divided by 16.
13
What is the remainder when 244486 is divided by 3056?
6
What is the remainder when 19999 is divided by 795?
124
What is the remainder when 29431 is divided by 9797?
40
Calculate the remainder when 8950 is divided by 569.
415
Calculate the remainder when 79463 is divided by 3308.
71
Calculate the remainder when 47851 is divided by 2699.
1968
What is the remainder when 163964 is divided by 84?
80
Calculate the remainder when 1712294 is divided by 826.
822
What is the remainder when 24401 is divided by 197?
170
What is the remainder when 9929 is divided by 730?
439
What is the remainder when 3001 is divided by 1347?
307
Calculate the remainder when 97817 is divided by 67.
64
Calculate the remainder when 7173 is divided by 936.
621
Calculate the remainder when 466307 is divided by 739.
737
What is the remainder when 200168 is divided by 185?
183
Calculate the remainder when 2063697 is divided by 473.
471
What is the remainder when 27840 is divided by 117?
111
Calculate the remainder when 